- (134 + 0).
-59
Evaluate (2 - 1 - 4 - -10) + (-23 - (-43 + 24)).
3
Evaluate 17 + -61 + (6 - (5 - 2)).
-41
What is the value of (-25 - 45) + 43 + (51 - 3)?
21
-34 + 45 + -4 - (-59 + 5 + 2)
59
What is the value of -27 - (5 - -3) - (6 - (0 - 4))?
-45
Evaluate 80 - -39 - (56 - 0 - 27).
90
-6 + 6 - 7 - (-18 - 19 - -6)
24
2 + -14 + 12 + (-12 - -6 - 16)
-22
29 + -57 + -5 + 20
-13
88 - -108 - 112 - 58
26
Evaluate 0 + -4 + ((-25 - 7) + 9 - -12).
-15
What is the value of (49 - 69) + 31 + -89?
-78
-14 + 6 + 19 - (-2 + (-2 - 0) + -79)
94
What is -780 + 854 - (-20 - -1)?
93
-1264 - -1316 - ((0 - 1) + (-1 - -10))
44
Evaluate 27 + -3 - -1 - (-9 - -24).
10
What is the value of -92 + (5 - -94) - (-27 + 9)?
25
5 + (-5 + (12 - 6) - 8 - -9)
7
What is the value of 19 + (-95 - -28) + (-12 - 1)?
-61
What is 11 - (-8 - (1 + -20)) - (32 + -23) - 6?
-15
(4 - -4 - 16) + (8 + -20 - -50)
30
Evaluate 71 + (-1 - -31) + -60.
41
What is the value of (-3 - -1 - -16) + 24 + (-37 - -3) - -21?
25
Evaluate 0 + -1 + 6 - (-64 + 102 + 11 + -59).
15
What is 19 + -34 + 68 + -138?
-85
Calculate 12 + (-47 - (36 - (0 + 20))).
-51
Evaluate -9 - (47 + 8 + (20 - 49)).
-35
Calculate 2 - -60 - -27 - 45.
44
What is the value of -244 - -244 - (-5 + 3 + 5 + -57)?
54
Evaluate -29 + (3 - -21) + (-35 - -1) + 9 + -14.
-44
What is the value of (69 + -42 - (-8 + -9)) + (0 - 4)?
40
Evaluate (6 - 78) + (-35 + -4 - -2) + 19.
-90
0 + 29 + 29 + -27 + -11 + (4 - -2)
26
Evaluate 9 - (-64 + 35 + 5).
33
What is -6 + (2 - 3) + (-14 - -19) + (1127 - 1186)?
-61
What is the value of 268 + -282 - (-4 + 23)?
-33
What is the value of -22 + (-27 + -20 - -17) - -6?
-46
Calculate 27 - (-4 + (-9 + 7 + -4 - -21)).
16
Evaluate 12 - (15 + (18 - (-15 - -60))).
24
(2 - 1 - ((-46 - -23) + 32)) + 80
72
What is the value of -12 - 0 - (16 + -22) - (17 + (-52 - 4))?
33
What is -246 + 236 - (-9 + 1) - -5 - (22 - 1)?
-18
What is the value of 0 + 2 - -115 - (6 + (-67 - (-50 + -8)))?
120
Calculate -8 - ((0 - 1) + 64 - 1 - (-107 + 113)).
-64
What is (2 + -54 - -1) + (-229 - -210) + (-5 - -34)?
-41
-16 - (11 + -17 + 22 + -11)
-21
Evaluate -46 + -5 - (128 - 203).
24
What is the value of 26 - (1 - -31) - -37?
31
Calculate 684 + -619 - (139 + 1).
-75
What is 5 - (-16 + -16 + 90)?
-53
Evaluate (-10 - (12 + -11 - 6)) + -3 + (-16 - -7).
-17
What is 24 + (17 - 1 - (340 - 344))?
44
-37 - (-1 - (-13 - -17))
-32
Calculate -5 + 3 - (-1054 - -1106).
-54
3 + 6 + 35 - (-34 + -46 + 94)
30
Calculate (-21 - 80) + (15 - -3) + -25.
-108
Calculate 101 + -78 - (53 + -17).
-13
Calculate (51 - (16 + -8)) + -19.
24
What is -16 + (-21 - -33 - 2) + -2?
-8
10 - -2 - (-1 - -19 - (-62 + -14 + 19))
-63
What is (-44 - (7 - 6)) + 1255 + -1124?
86
(-30 - (-23 - 15)) + 7 - -31
46
Evaluate 17 - (-21 + -18 - 45).
101
What is 5 - (-14 + (24 - (-11 - -36)))?
20
What is 1427 + -1327 - (135 + 2)?
-37
What is -36 + 24 + 0 - -49?
37
Evaluate 1 + 7 - (-2 + -65 + 72) - (-1 + 71).
-67
51 - (-73 + 87 + 61) - (0 + -15)
-9
What is the value of -65 - -63 - (3 + (6 - 8) + 8)?
-11
Calculate 12 + -1 + -6 - (0 + -11).
16
(0 - ((-6 - -27) + 55)) + 1 + 7
-68
Calculate 136 + (132 - 98) + -78.
92
What is the value of -51 - 35 - -83 - -51?
48
What is -2 - -8 - 16 - (-7 - ((-8 - -26) + -11))?
4
What is -22 + 20 + (-14 - (-2 - 17)) + -17?
-14
Calculate 26 + -33 - ((3 - 4) + -88).
82
What is the value of (-32 + (19 - 12) - -17) + (-2 - 28)?
-38
Evaluate -137 + 14 + 32 - -41.
-50
Calculate (-6 + -24 - (11 - (-10 - -18))) + (5 - -1).
-27
Evaluate 36 - (-6 - (6 + -6) - (16 + -26)).
32
Evaluate -6 - (-1 - 62) - -35.
92
Calculate (-42 - 113) + 54 + 56.
-45
Evaluate (1 - -3 - (-16 - -5)) + -15 - 41.
-41
Calculate 106 + (-15 - (12 - 18 - -16)).
81
Calculate -94 - (4 - 13) - -75.
-10
Evaluate -8 + (-4 - -36 - -28).
52
What is 27 + (-13 - (26 - 26 - -18))?
-4
Calculate 9 - 25 - -4 - 10.
-22
35 + -40 + (-2 - (-52 - (3 + 6 + -4)))
50
Calculate 4 + 13 - (-29 - -60 - 22).
8
What is 0 + -7 + (0 - 1 - (-21 + -57 + 24))?
46
What is -4 + 16 + -13 + 35 + -7?
27
Calculate 58 + 5 + -8 + 9 - 4.
60
What is 5 - 5 - -4 - (-2 + (39 - -25))?
-58
Calculate -20 - (113 - (-5 + 34)).
-104
Calculate -12 + -15 + 25 + -26 + -24.
-52
-10 + 22 - 1 - (-29 - -13 - -130)
-103
8 + (13 - 5) + 11 + -12
15
35 + (15 - 53) - (-1 - (-89 + 5))
-86
What is the value of -66 + 79 + (14 - 136)?
-109
-2 - 1 - (0 + 45 - (-53 + 70))
-31
Evaluate -6 + (-14 - (13 - 10)) + 14 + -3 + 44.
32
What is the value of 51 + 2 + (4 + -16 - -28 - (-12 - -34))?
47
What is (0 + 7 - 1) + (-5 + -112 - (-409 - -345))?
-47
(-1 - -49) + -24 + 74 + (-34 - 13)
51
Evaluate 24 + (-8 - 2) + 6 + 25 + -10.
35
What is the value of -98 + 112 + 77 + -97?
-6
Calculate -7 - (-2 - 21) - (-10 - -1 - -7).
18
What is the value of -22 - (33 - ((108 - -2) + -33))?
22
What is the value of -114 + 91 + (-42 - -64)?
-1
35 + -1 + (7 - (22 - ((5 - 5) + 8)))
27
What is the value of 4 - (-2 + 32 + -5) - (-12 - (-6 + -8))?
-23
What is 129 + 178 + -123 + -143?
41
What is the value of -27 + (-37 + 56 - 33)?
-41
What is the value of 30 + (10 - (3 + 22 + -3)) + 12?
30
Evaluate -23 - (-116 + 18) - 118.
-43
What is 25 - (-7 - (19 + -25) - 39)?
65
Evaluate 4 + (6 - 10 - -10) + 13 + (-24 - -1).
0
14 + -7 + (-6 - -1) + (0 - (1 - -5))
-4
What is 0 + 16 - -2 - ((-78 - -128) + -49)?
17
Evaluate -16 + 0 - (51 + 53) - -14 - (0 - -2).
-108
Evaluate 30 + (-34 - (57 - 3) - 0).
-58
(-42 + 52 - -21) + -15
16
7 + (-8 - 2 - (-330 + 358))
-31
What is the value of -30 + (104 - 58 - -25)?
41
What is (-9 - -32 - 13 - 24) + 10 - -37?
33
What is the value of (37 - 32) + -9 - 10 - (1 - -31)?
-46
What is -56 + -16 - (46 + -147)?
29
What is the value of -11 + (23 - -12 - (-5 + 1 + 3))?
25
What is (41 - -24 - 43) + -53?
-31
Calculate (8 - (0 - -2) - (4 - -2)) + -26 + -8.
-34
-6 - ((-33 - 11 - 7) + -3 + -2 + 13)
37
-3 - -22 - (-455 - -480)
-6
Calculate (29 - (224 + -88)) + 219.
112
What is 30 + 25 + -75 + -32?
-52
What is -27 + 41 + -9 + -4 + 1 - 46?
-44
What is the value of 3 - (0 - -8 - (-2 + (-32 - -24) + -43))?
-58
What is the value of 125 + -98 + 52 + (-1 - 19)?
59
What is (-50 - (-86 + 188)) + 109?
-43
What is the value of -1 + 1 - (-10 + (-72 - -6))?
76
Evaluate -9 + (4 + 26 - -24).
45
Calculate (-142 - (-28 + -17)) + (12 - 2).
-87
Calculate 22 + -9 + (20 - (-7 + 16)).
24
-18 + 43 + (24 - 38)
11
Calculate 950 + -938 + (8 - 10) + -109.
-99
Calculate 2 + 1 + -1 + (25 - -2 - (-162 - -160)).
31
-28 + -26 + 25 + 8 + -56
-77
31 - (14 - (13 - -3) - -13)
20
-57 - (63 - 194) - 27
47
What is the value of ((-29 - 2) + 26 - (62 + -2)) + 12?
-53
(-30 - -11) + 9 + -72 + 13
-69
-12 + (14 - 1) + 0 + -5 - 30
-34
What is (119 + -108 - (1 - 6)) + -8?
8
-3 + 13 - (-98 - (-169 + 22))
-39
What is the value of 3 + -3 + (-4 - 49) + 20?
-33
What is 229 - (98 + 186) - (0 - (1 - 7))?
-61
Evaluate 39 - (0 - 1) - (-176 + 165).
51
11 + 64 + 0 + -50
25
Evaluate 7 - (-83 - (7 + -81)).
16
(-21 - (3 - 6) - -50) + 17
49
What is -14 + (9 - (16 - 20)) - (-19 + 19)?
-1
Calculate -22 - (-31 - (4 + -37 - -19)).
-5
5 + (-126 - -166 - 37 - (5 + 0))
3
74 + (48 - 167) - -43
-2
Evaluate (17 - 67 - -142) + -203.
-111
What is the value of 11 + (26 - 28) + (0 - 1) + (-54 - -67)?
21
Evaluate -18 - 206 - -237 - (33 + 2 - (-2 - -1)).
-23
What is the value of 35 + 3 + 7 + -45?
0
Evaluate -131 + -49 - (174 + -273).
-81
(58 - 51) + (-51 - 3 - (1 + -11))
-37
Calculate -149 + 282 - (-36 - -147).
22
Calculate 49 + -31 - 19 - (-4 - -32).
-29
(-51 - (-112 + 50)) + (28 - -5 - (0 + 2))
42
Evaluate 2 - (-3 + 13) - (13 + -4) - (-17 + 13).
-13
What is -6 - ((-5 - -2) + 37 + (-16 - -8))?
-32
50 - (114 - 51) - ((2 - -13) + 1)
-29
3 - (40 - 17 - 48 - -14)
14
What is 1 + 39 + -50 - (-52 + 7)?
35
What is the value of 0 + -29 + 11 - (1 + 8 + -3)?
-24
What is (177 - (94 + 90)) + (-2 - (-3 - 2))?
-4
What is the value of (461 - 458 - (10 - -2)) + 40?
31
8 + 0 + (8 - 6) + -5 + 26
31
What is (-18 + 50 - -4) + -21?
15
Calculate (38 - 28 - 0) + 32 - -14.
56
What is the value of 5 + 2 + (-9 - (10 + -5 + -5)) + 9?
7
Evaluate (9 - 12) + (19 - (8 + -3)) - 16.
-5
(127 - 23) + -41 + (2 - 0)
65
What is the value of (7 - 0 - -7) + (-91 - -41 - 35)?
-71
Evaluate 30 + -22 - -31 - (3 - -2).
34
What is 68 + -37 - (29 + -24) - 1?
25
What is the value of 14 + -15 + (13 - 31) + 4?
-15
What is the value of